0*x**5. Calculate p(j).
-4
Suppose -34 = -4*o - 2*v, 3*o + 7*v - 36 = 2*v. Let r(b) = -4*b**2 + 3*b**2 + 2*b - o - b**3 + 5. Give r(2).
-10
Suppose 2*j - 3*x = -2*j - 34, -4*x + 8 = 0. Let p(z) = z**2. Let u(r) = r**3 + 2*r**2 + 4. Let c(s) = 5*p(s) + u(s). Give c(j).
4
Let i(r) = -r - 5. Let u(d) = d + 4. Let s(p) = -3*i(p) - 4*u(p). Let n(w) = w**2 - 7*w + 5. Let g be n(6). Calculate s(g).
0
Let d(o) = -o - 16. Let a be (-2 + -10)*(-6)/(-9). Calculate d(a).
-8
Suppose -8*b + 4 = -6*b. Let n(a) = 3*a**b - 6*a + 5 - 4*a**2 + 2*a**2. What is n(4)?
-3
Let h(i) be the third derivative of 1/120*i**6 + 1/15*i**5 + 0*i + 5/24*i**4 + 0 + i**3 + 6*i**2. Give h(-4).
-14
Let o(u) = -u**3 - u + 1. Let y(n) = -3*n**3 - n**2 + 5*n - 4. Let p(f) = -3*o(f) - y(f). Let d = 31 - 30. Give p(d).
6
Let q(z) be the first derivative of 5/3*z**3 - z - 3/2*z**2 - 1/4*z**4 - 3. Give q(3).
8
Suppose -4*b = -8 - 0. Let m(s) = -s**3 - 2*s**2 - 3*s - 2. Let o be m(-2). Let g(f) = o*f + 5*f**2 - 3*f - f**3 - 1 - 3*f + 0*f. Calculate g(b).
7
Let r(s) = -s**2 - 1. Let h(l) = -l**2 + 3*l - 1. Let c be h(2). What is r(c)?
-2
Suppose -3*s = 5*d + 12, s + 0*s = -4. Suppose 2*u = -2, r - 4*u - 2 - 1 = d. Let x(f) = -10*f. What is x(r)?
10
Suppose j + j - 12 = 2*m, -3*j - 3*m + 6 = 0. Let v(a) = -11*a - 9. Let g(x) = 6*x + 5. Let n(o) = j*v(o) + 7*g(o). Calculate n(2).
-5
Let y(i) = i + 9. Suppose -5*m + 45 + 0 = 0. Suppose -1 + m = -2*j. Determine y(j).
5
Let n(h) = 4 - 30*h**2 + 5*h**2 + h**3 + 16*h**2 - 2*h**3 - 4*h. Calculate n(-8).
-28
Let i(y) = -11 + 24 - 11 - y. What is i(2)?
0
Suppose -10*s + 5*s = 10. Let h(n) = 3*n**2 + 3*n. Determine h(s).
6
Let z(a) = -a**3 - 5*a**2 + 5*a + 16. Let l be z(-5). Let h(n) = -n**3 - 10*n**2 - 11*n - 13. What is h(l)?
5
Suppose -21 = -v - 28. Let g(t) = t**2 + 7*t. What is g(v)?
0
Let x(y) = 2*y**2 - 11*y + 7. Let g be x(5). Let b(z) be the first derivative of -z**3/3 + z**2/2 - 1. Give b(g).
-2
Let y(d) be the second derivative of d**3/3 - 3*d**2/2 + 5*d. Determine y(-4).
-11
Let o(j) = -5*j**2 - 2*j - 4*j**3 - 1 + j**2 - 7*j**3 + 2*j**2. Determine o(-1).
10
Let i(g) = -2*g + 8. Let h(a) = -2*a + 7. Let r(s) = 3*h(s) - 2*i(s). What is r(-4)?
13
Let f(g) = -g + 5. Let p(k) = k**2 - 5*k + 5. Let a = -20 - -25. Let v be p(a). Determine f(v).
0
Let a = -3 + 9. Let y(p) = 7 + 0*p**2 - p**2 + 6*p + 0*p**2. Give y(a).
7
Let h be (-6)/21 + (0 - 12/7). Let v(m) = 4*m - 1. What is v(h)?
-9
Let p(v) = -3 + 4 + 1 + 2*v**2 + 8*v - 2*v. Give p(-4).
10
Let o(b) = b**3 - 5*b**2 - 15*b + 16. Let y be o(7). Let k(g) = g**2 - 8*g - 12. What is k(y)?
-3
Let z(o) be the first derivative of 1/2*o**2 + 8 + 5*o. Give z(-6).
-1
Suppose -10 = -k + 6*k + 5*a, 3*a = 2*k - 16. Let h(u) be the third derivative of u**3 - 1/60*u**5 + 0*u + 0 - 2*u**k + 1/8*u**4. Calculate h(5).
-4
Let d(i) = i**2 - 4*i. Let b(c) = -c. Let n be ((-14)/(-4))/(1/(-2)). Let h be b(n). Let x = h - 3. Determine d(x).
0
Let o(v) = -2*v**2 - v. Suppose -4*m - 33 = -u, -4*u = -5*m - 86 - 2. Suppose d = 3*a - u, -6*d = -2*d + 3*a - 7. Give o(d).
-6
Suppose 0 = w - 4*w + 42. Let b = w + -9. Let m = b + -8. Let o(j) = -2*j**2 - 3*j + 3. What is o(m)?
-6
Suppose -f + 4*f = 2*t + 12, -5*t = 3*f + 9. Let g(j) = -3 + 6 + 2*j**2 + j - 4*j**2 - 4*j. Determine g(t).
-6
Suppose g - 3*g + 4 = 0. Suppose -g*b + 15 = b. Let l(d) = -d**3 + 4*d**2 + 6*d - 2. Calculate l(b).
3
Let d(b) be the third derivative of b**6/120 - b**5/6 + b**4/12 - b**3/6 + 37*b**2. What is d(10)?
19
Let d(a) be the first derivative of 2 - a - 1/2*a**2. Give d(-5).
4
Let j(b) = 0 + 29*b - 15*b - 3 - 15*b. Determine j(0).
-3
Let o(g) = g - 1. Let i = -1 - -3. Let a = i - 2. Calculate o(a).
-1
Let w(j) = -8*j - 2. Let v(n) = -n + 1. Let l(g) = -3*v(g) + w(g). Let u(t) = -5*t - 4. Let c(y) = -3*l(y) + 4*u(y). Determine c(-1).
4
Let m(i) = 2*i - 5. Let k(t) = 4*t - 32. Let p(d) = -5*d + 31. Let l(b) = -5*k(b) - 6*p(b). Let w(q) = -3*l(q) + 16*m(q). Determine w(2).
2
Let t = -6 + 5. Let q(f) = 2*f + 6. Suppose -5*s = -37 + 7. Let x(i) = -2*i - 7. Let n(c) = s*q(c) + 5*x(c). Give n(t).
-1
Let d(m) = -m**3 + m**2 + m + 1. Let p(b) = 7*b**2 + 1. Let t = 0 - 1. Let s be p(t). Suppose k = -3*k + s. Determine d(k).
-1
Let w(u) = -u**3 + u**2 + u + 1. Let i(q) = -6*q**3 - 3*q**2 + 5*q + 13. Let x(b) = -i(b) + 5*w(b). Determine x(-8).
-8
Let j be 3 + (3/1)/(-1). Suppose -t + 20 = 5*a, a + j*a + 20 = -5*t. Let w(q) = -5*q - 4. Let d(c) = -4*c - 4. Let x(b) = 7*d(b) - 6*w(b). Determine x(a).
6
Let c(q) = q - 7. Suppose -26 = 4*g - 2. What is c(g)?
-13
Let x(w) = 3*w**3 + 5*w**2 - 4*w + 10. Let p(h) = 8*h**3 + 15*h**2 - 11*h + 29. Let s(o) = 4*p(o) - 11*x(o). Suppose -6*g - 7 = -37. Give s(g).
6
Let r = 1 - -1. Suppose 5*z - r*d = -4*d + 18, -12 = -3*d. Let l(a) = -2 + 3*a - z*a**2 + 0*a**2 + 5. Give l(3).
-6
Let h(z) be the second derivative of z**5/20 - z**4/4 + z**3/6 - 5*z**2/2 + 8*z. Calculate h(4).
15
Let f(p) = p**3 - 5*p**2 - 3*p + 7. Let d(l) = l**2 + 10*l + 5. Let q be (-128)/13 + 8/(-52). Let b be d(q). Calculate f(b).
-8
Let i(o) = o**2 + 2*o - 1. Suppose 6*f - 9 = 3*f. Let d be 2/(-4) - f/(-2). Calculate i(d).
2
Suppose 26 = 3*d - 0*w - 4*w, 30 = 5*d - 4*w. Let z(t) = 4 + 3*t**d - t**3 - 3 + 2*t**2 + t. Let a(p) = p**2 - 3*p - 13. Let l be a(-3). Determine z(l).
6
Let q(y) = -y**3 + y**2 - y. Let d(j) be the first derivative of -5*j**4/4 + 2*j**3/3 - 3*j**2/2 - 1. Let u = 0 - 6. Let t(i) = u*q(i) + d(i). What is t(2)?
-2
Let b = -7 - -10. Let s = 2 + b. Let j(k) = -k - 2 + s*k + 0*k + 0*k. Calculate j(2).
6
Let y(d) = d - 14*d + d**3 + 5*d**2 - 1 + 7*d. Let o = 12 + -18. Calculate y(o).
-1
Let f be 18/3*(-2)/(-6). Let o be ((-12)/18)/(f/(-12)). Let j(c) = 5 - c - o - 1. What is j(4)?
-4
Suppose 0 + 3 = k. Let z(t) = -t - k + 1 + 0. What is z(-6)?
4
Let n(j) = 5*j**2 - 7*j + 1. Suppose 2*m = -2*m + 24. Let y(r) = -r**2 + r. Let t(k) = m*y(k) + n(k). Give t(-2).
-1
Let g(y) = -y - 5. Suppose -2*o + 8 + 2 = 0. Let t = o - 11. Let d be 3/(-9) - (-22)/t. Give g(d).
-1
Let h(z) be the third derivative of z**3 - 5*z**2 + 1/4*z**4 + 0 + 0*z - 1/60*z**5. Determine h(5).
11
Let x(m) be the second derivative of m**5/20 - m**4/12 - m**3/6 - m**2/2 + 3*m. Give x(2).
1
Let t(d) = -d - 1. Let y(r) = 0*r + 2*r - 2 + 9. Let l(p) = -2*p - 6. Let f(z) = 3*l(z) + 2*y(z). Let a be f(-3). Determine t(a).
-3
Let w(c) = -18 - 5*c - 10 + 27 - c**2. Calculate w(-3).
5
Let p(f) = 0 - 6 + 0 + 463*f - 464*f. What is p(-8)?
2
Let k(t) = -t**2 - 2*t + 2. Let y(f) = f - 4. Let i(q) = q**2 - 3. Let o be i(-3). Let w be y(o). Give k(w).
-6
Let f be (2 - 10/4)*6. Let j = f - -1. Let r(a) = -a**3 - 7*a**2 + 2*a - 2. Let w(m) = m**2 - m. Let z(c) = r(c) + 3*w(c). Calculate z(j).
-8
Let k(f) = -f**2 + 7*f - 9. Let h be (-207)/23*2/(-3). Calculate k(h).
-3
Let z(s) = -s**2 + 4*s - 5. Suppose -4*g - 60 = -16*g. Calculate z(g).
-10
Let r(u) = 5*u - 3. Let j(y) = -y**3 + 3*y**2 + 5*y - 2. Let i be j(4). Give r(i).
7
Suppose -2*i + 24 = 4*w, -8 = -5*i + 2*w + w. Let s(y) = 7 - 1 + i*y**2 + y**3 + y**2. Let u be 2 + 0 + 0 + -7. What is s(u)?
6
Suppose 2*y + s + 0*s = 7, 4*s + 37 = 5*y. Suppose -p + 3 = -1. Let h(m) = -m**3 + p*m - 5 - m + 6*m**2 + 3*m - 2*m**2. Calculate h(y).
0
Let z(i) = i**3 - 5*i**2 - i. Suppose -2*j + 27 = -3. Suppose -j*c + 25 = -10*c. Calculate z(c).
-5
Let u = 4 + -1. Let t(x) = x + 7*x + 4 + 0*x - u*x. Let q(l) = -1. Let b(m) = 4*q(m) + t(m). Determine b(-2).
-10
Let p(z) = -z**2. Let k be p(1). Let s be -2*k/(-4)*-8. Let y(d) = -2*d. Give y(s).
-8
Let h(s) = s**3 - 6*s**2 + 2*s - 9. Let i(z) = z - 1. Let u(c) = h(c) - i(c). Calculate u(6).
-2
Let f be ((-168)/(-294))/((-1)/(-7)). Suppose 3*j + 3*t = 3, -t - 4*t + 5 = 2*j. Let d(k) = j - k + 0. Give d(f).
-4
Let c be (1 - (-2)/4)*4. Let l be (c/10 - 1)*-5. Let h(y) = -5 + 3 + 3*y**2 + 2*y + 0*y**l. Give h(-2).
6
Let a(v) be the first derivative of v**5/60 - v**4/4 - 2*v**3/3 + 2*v**2 - 2. Let y(b) be the second derivative of a(b). Determine y(5).
-9
Suppose 11 = 5*o - 14. Suppose 0 = -5*c + o + 5. Let h be c/3 + 30/9. Let d(v) = v**2 - 6*v + 2. Determine d(h).
-6
Suppose 5*g - 2*g = 9. Let w(c) be the third derivative of 3*c**2 + 0 - 7/6*c**g + 0*c - 1/24*c**4. Calculate w(0).
-7
Let j = -23 - -51. Su